 0. Suppose 4*c = 2*j - 4, -4*j + 2*j + 2*c + u = 0. Determine p(j).
-3
Let a(q) = -12*q**2 + 13*q - 26. Let n(h) = 7*h**2 - 6*h + 13. Let b(y) = -3*a(y) - 5*n(y). Calculate b(6).
-5
Let o(l) = l**2 + 2*l - 6. Let p be o(2). Let a(s) = 0 + s**2 - p*s + 5 - 2*s. Calculate a(4).
5
Let t(f) = 2*f + 1 - 24*f**2 - 2 - f + 5*f**2. Let m = 4 + -3. Give t(m).
-19
Let j(b) be the second derivative of -b**4/12 + 4*b**3/3 - 6*b**2 - 392*b. Calculate j(6).
0
Let n(q) be the first derivative of q**3/3 - 5*q**2/2 + 5*q - 1. Let r = 58 + -26. Let o = 37 - r. Give n(o).
5
Let r(u) = -u - 17. Let o be r(-18). Let c(q) = -4*q**3 - q + 1. Let m be c(o). Let y(n) = 2*n**2 + 2*n + n**3 + n + 3*n**2. Determine y(m).
4
Let c(n) = -4 - 3*n - 5*n + n**3 - 12*n + 5*n**2 + 18*n - 3*n. Calculate c(-5).
21
Let x(t) = t + 4. Let h be x(-5). Suppose -3*p = 2*v - 7*p - 196, 2*p - 490 = -5*v. Let d(y) = v - 189 + 92 - 11*y. What is d(h)?
12
Let y(p) be the second derivative of 3*p**5/10 + p**3/6 + p**2/2 + 10*p. Let s(x) = -7*x**2 + 58*x - 17. Let o be s(8). Give y(o).
-6
Suppose -21 = -5*s - 4*t, 5*s + 30 - 27 = 2*t. Let i(r) = -43*r + 11. Let q(w) = -22*w + 6. Let n(j) = 6*i(j) - 11*q(j). What is n(s)?
-16
Let k = -338 - -347. Let m(f) = -2*f + 21. Give m(k).
3
Let x(y) = 3*y + 1. Let m(l) = -7*l - 4. Let k(z) = 2*m(z) + 5*x(z). Suppose 0 = -5*f + 13 + 22. Give k(f).
4
Let q(d) = d**2 + d. Let a(n) = 4*n**2 + 15*n + 14. Let h(r) = -a(r) + 3*q(r). Determine h(-10).
6
Let w(o) be the second derivative of o**3/6 - 60*o. What is w(-4)?
-4
Let y be -2*((-14)/(-7))/((-28)/(-49)). Let m(b) = -6*b**2 - 41*b + 12. What is m(y)?
5
Let h(n) = 2*n - 10. Let d be 6/4*(-80)/(-15). Let g be h(d). Let l(w) = w - 7. What is l(g)?
-1
Suppose -3*i + 47 - 8 = 0. Let y(x) = 24*x + 3 - i*x + 1 - 13*x. Determine y(3).
-2
Let d = -22 + 16. Let y(t) = -4*t + 7 + 8*t - 5*t + 6*t**2 + t**3. What is y(d)?
13
Let q be (0/(4/4))/1. Let o(i) = -4*i**3 + i**3 + 4*i**3 - 4 + 2. What is o(q)?
-2
Let n be 3 - 57/(-2)*20/15. Let h(q) = -13 - 17 + q**2 + n - 9*q. Calculate h(9).
11
Let n(v) be the third derivative of v**6/360 + v**5/120 + v**4/8 + 7*v**3/3 + 13*v**2. Let l(y) be the first derivative of n(y). What is l(-4)?
15
Let y(j) = j**3 + j**2 - j - 4. Let o(w) = -w**3 + 3*w + 3. Let s be o(-2). Suppose -s*u + 20 = 0, 5*f + 2*u = 6*u - 16. What is y(f)?
-4
Let w(z) = z**3 + 9*z**2 + 6*z - 10. Suppose 19*b = -35 - 117. Calculate w(b).
6
Let w(k) = -k**3 + k**2 + k + 4. Let b be w(0). Suppose -b*z = -4*c - 4, 0 = -4*c + 3*c + 3*z - 3. Let q = c - 1. Let n(g) = g**3 + g**2 - 1. Calculate n(q).
-1
Let b(l) = -6 + 1 + 12 - 7 + l. Calculate b(2).
2
Let f(q) = -q**3 + 5*q**2 - 3*q + 1. Let z be -2 - (4 - (11 + -2)). Calculate f(z).
10
Suppose 4*g - 51 = 17. Let n = g + -12. Suppose 7 = 2*j - n. Let c(x) = x**3 - 6*x**2 - 3*x + 9. Calculate c(j).
-9
Let d(b) be the first derivative of -b**4/4 + 8*b**3/3 - 9*b**2/2 + 2*b + 78. Give d(7).
-12
Suppose 20 = -4*b + l + 81, 0 = -2*b - 2*l + 18. Suppose -28*u + 19*u = -45. Suppose -u*g - 16 - b = 0. Let k(s) = s**2 + 7*s - 5. Calculate k(g).
-11
Suppose -3*g - 20 = 2*g. Let s(y) = 7*y**3 + 7*y**2 - 5*y + 6. Let r(o) = -19*o**3 - 20*o**2 + 13*o - 17. Let f(b) = -3*r(b) - 8*s(b). Give f(g).
-1
Let z(f) = -f**3 - 4*f**2 + 5*f - 1. Suppose -2*u + 0*j - j = -15, -3*j - 45 = -3*u. Suppose 12*a + u = 10*a. What is z(a)?
-1
Let o(c) = c + 5. Let b = 358 + -364. What is o(b)?
-1
Let z(c) = c**3 - 9*c**2 + 9*c - 1. Let n(h) = h**2 - 25*h + 133. Let x be n(7). Determine z(x).
-36
Suppose 2*w = 4, 4*x = 2*x - 2*w + 28. Let j be 40/x + (-2)/(-3). Let m(a) = 26 + j*a**2 + 8*a**2 - 27. Calculate m(1).
11
Let j(y) = 7*y + 3. Let l(i) = -i. Let f(z) = j(z) + 2*l(z). Calculate f(4).
23
Let a be (3 - 2)*(2 - 1). Let j(p) = p**3 + 5*p**2 - 4*p + 14. Let w be j(-6). Suppose -2*u + 0*d = w*d + 2, -5*d + a = 3*u. Let q(x) = x + 2. Determine q(u).
-1
Let n(m) = m**2 + 6*m + 1. Let r be n(-7). Suppose 0 = x - 5*l - r, 4*x - 4*l + 0*l = 0. Let s(u) = u. Give s(x).
-2
Suppose -5*x = -26 + 1. Suppose 8 = -x*b + 3*b. Let a(j) = j**3 + 3*j**2 - 3*j - j - 2*j - 5. Give a(b).
3
Let r(q) = -55*q**2 + 7*q - 10. Let c(o) = 18*o**2 - 2*o + 3. Let v(j) = 7*c(j) + 2*r(j). What is v(-1)?
17
Let t(h) = 2*h**3 + 2*h**2 - 4*h - 6. Let q = -16 - -14. Let p be t(q). Let i(k) = -k + 7. Give i(p).
13
Let w be 4 - (2 - (1 + -2)). Let x be w/(3 + (-22)/8). Let j(g) = 2*g. What is j(x)?
8
Let l be (-22 + (-4)/4)/1. Let f = -21 - l. Suppose f*w = 4*w - 6. Let z(h) = -h**3 + 3*h**2 + 2*h - 1. Calculate z(w).
5
Let x = -432 + 416. Let n(a) = -a - 2. Give n(x).
14
Let j(h) be the first derivative of h**2/2 - 9*h + 11. Suppose 9 = 3*m - 0. Suppose -m = -2*q + 3*g + 8, g = 4*q - 17. Calculate j(q).
-5
Let b(a) = a**3 - 4*a**2 - 6*a + 6. Suppose f - 3*f + 132 = 0. Suppose f - 8 = 2*g + 4*k, 85 = 3*g + 5*k. Suppose 4*z - g + 5 = 0. Determine b(z).
1
Let k(o) = 5*o**2 + 8*o + 1 + 4*o**2 - 8*o**2 + 1 + 0. Give k(-4).
-14
Let c(v) be the first derivative of -7*v**2/2 - 14. Determine c(-1).
7
Let y(b) = b**2 - 4*b + 1. Let w(q) = -q**3 + 9*q**2 - 12*q - 11. Let z be w(7). Give y(z).
-2
Let w(a) = 6*a + 0 - 2 + 10*a. Let u be w(-1). Let x = 16 + u. Let s(g) = -g**2 - 2*g - 3. Determine s(x).
-3
Let n(u) be the second derivative of u**3/2 - 10*u**2 - 173*u. What is n(10)?
10
Suppose -2*s + 7 = -3. Let y be 8/s + (6/(-10))/1. Let j(q) = -11*q**2 - q. What is j(y)?
-12
Let b(t) = t**3 - 3*t**2 + 5*t - 4. Let l be 1/(-6) - 228/(-72). Calculate b(l).
11
Let j(z) = -5*z**2 - 8*z - 1. Let d(a) = -14*a**2 - 23*a - 2. Let n(k) = 4*d(k) - 11*j(k). Determine n(-4).
3
Let x(a) = -18*a - 779. Let h be x(-42). Let o(t) = -t**2 - 25*t - 44. Give o(h).
2
Let u(v) = v**2 + 2. Let r(q) = -5*q**2 + 5*q - 11. Let j(c) = 5*c**2 - 4*c + 11. Let b(h) = -6*j(h) - 5*r(h). Let d(l) = -2*b(l) - 11*u(l). Calculate d(1).
1
Suppose 13*y - 11*y = v - 1, 5*y + 3 = 3*v. Let h(a) = 48*a**2 + 1. What is h(v)?
49
Suppose 0*g + 2*g = 68. Let z = g - 33. Let x(t) = 4*t**2 - 1. What is x(z)?
3
Let d(x) be the second derivative of -4*x**3/3 - x**2/2 + 3*x. Let m = 3 + -2. Determine d(m).
-9
Let h(l) be the first derivative of -l**3/6 + 3*l**2 - 8*l + 7. Let g(s) be the first derivative of h(s). Determine g(5).
1
Let m = -63 + 65. Let q(n) = 3*n**2 + 3*n - 4*n**2 + n + 0*n. Determine q(m).
4
Let r = 34 + -40. Let a(i) = i + 4. Calculate a(r).
-2
Let y(x) = -2*x**2 + 17*x + 75. Let f be y(12). Let n(c) = -c - 27. What is n(f)?
-18
Let l be (-64)/(-48) + (-2)/6 + -4. Let m(y) = 12*y + 1. Give m(l).
-35
Suppose -4*k - 16 = -2*a, -4*k - 15 = -3*a + 11. Let c(b) = b - 6. What is c(a)?
4
Let x(c) = -c**2 - 9*c + 9. Let q be (2 + (-14)/5)/(2/25). Calculate x(q).
-1
Let x(j) = j**2 - j - 2. Let a = -130 - -194. Let r = -68 + a. Determine x(r).
18
Let a(z) = -8 - 6 + z**3 + 17 - z**2. Give a(0).
3
Let v = -67 - -69. Let h(z) be the first derivative of z**v - 1/3*z**3 - 4 + 0*z. Determine h(3).
-3
Let m be (24/10)/(6/(-20)). Let o = 12 + m. Let k = -2 + o. Let s(w) = -w**3 + 3*w**2 - 4*w + 2. What is s(k)?
-2
Let l(j) = j**3 + 8*j**2 + 8*j + 2. Let o = 11 + -12. Let s(i) = -7*i**2 - 3*i - 3. Let g be s(o). What is l(g)?
-5
Suppose 10 = b - 3*b. Let n(m) = m**2 + 5*m - 7. Calculate n(b).
-7
Let d(j) = -2*j**2 - 6*j - 5. Suppose -4*k + 0*k - 244 = 0. Let o = k + 57. Determine d(o).
-13
Let p(q) be the first derivative of -q**2 - 18*q + 510. Calculate p(13).
-44
Let u(q) be the second derivative of -4*q**3/3 + 2*q**2 + 2*q + 60. What is u(-1)?
12
Let i(s) = -46*s**2 + 17 + 143*s**2 - 49*s**2 - 49*s**2 - 11*s. Calculate i(-12).
5
Let v(b) = 5*b**2 + 5*b - 2. Let i(q) be the second derivative of -11*q**4/12 - 11*q**3/6 + 2*q**2 - 19*q. Let r(m) = 4*i(m) + 9*v(m). Determine r(2).
4
Let k(f) = f**2 - 21*f + 5. Let t(m) = -m**2 + 19*m - 4. Let z(b) = -5*k(b) - 6*t(b). What is z(8)?
-9
Let x(z) = -3*z**3 + 2 - 31*z + 28*z + 4*z**3 + 8*z**2 + 10*z. Let h be (-2)/(-4) - 15/2. Calculate x(h).
2
Let z(i) = -2*i**2 - 2*i - 2. Suppose 2*r = -3*j + 3*r + 10, 2*j - 5*r = 11. Suppose 2*c - 20 = 6*c. Let v = j + c. What is z(v)?
-6
Let w(y) = y**3 - 12*y**2 + 10*y + 7. Let m be w(11). Let l(i) = i**3 + 5*i**2 + i + 3. Determine l(m).
15
Let p = -78 - -80. Let f(m) = -213 + 10*m + 213 - m**p. De